e factors of ((-3)/(-2))/((-37)/(-34262))?
3, 463
Let n be (-18)/(-9)*269/(-2). Let k = -143 - n. List the prime factors of k.
2, 3, 7
Let h be -4*11595/3*4/(-10). What are the prime factors of (-6)/9 - h/(-24)?
257
Let u(k) = 2 + 11*k + k**3 + 9*k**2 - 2*k - 7*k. Let g be u(-4). Suppose 0 = -3*y + g + 25. What are the prime factors of y?
3, 11
Let d = -252 - -334. What are the prime factors of d?
2, 41
Suppose -o = -100 + 32. Let a = o - 47. List the prime factors of a.
3, 7
Let y(c) = -49*c**2 - 4*c + 8. Let l(x) = 12*x**2 + x - 2. Let a(v) = 9*l(v) + 2*y(v). List the prime factors of a(-3).
5, 17
Let b = 33 + -6. Suppose -b = 3*z + 18. List the prime factors of (z/4)/((-11)/88).
2, 3, 5
Let n(p) = 28*p + 755. What are the prime factors of n(25)?
3, 5, 97
Suppose 0 = 3*r + 4*y + 16, 5*r = -4*y + 3*y - 38. What are the prime factors of r/(-5)*6450/60?
2, 43
Suppose s + 3 = 4. Let b(m) = -s + 4 + m - 12*m - m**2 + 2. What are the prime factors of b(-5)?
5, 7
Suppose 3369 + 11085 = 9*i. List the prime factors of i.
2, 11, 73
Let b(q) be the second derivative of -q**5/20 - q**4/3 + q**3/3 + 3*q**2/2 - q. Let c be b(-4). What are the prime factors of -2 - -3 - (4 + c)?
2
Let r be ((-113)/(-6))/((-5)/(-30)). Let b = 196 - r. List the prime factors of b.
83
Let b(v) = 2655*v**3 - 6*v**2 + 7*v - 2. List the prime factors of b(1).
2, 1327
What are the prime factors of (-43)/129 + 5106/9 + 1?
2, 71
Let a be 20/3 - -1*(-12)/18. List the prime factors of (2/a)/((-5404)/(-900) - 6).
3, 5
Let n(x) = x**2 - 13*x - 35. Let u be n(15). Let h(a) = -a**3 + 13*a - 4. List the prime factors of h(u).
2, 7
Suppose 5*u + 5*q - 19885 = 0, -2*q + 15 = q. What are the prime factors of u?
2, 3, 331
Let x be ((-4)/4)/(1/(-4)). Let d be (-285)/(-6)*x/(-5). Let z = 8 - d. What are the prime factors of z?
2, 23
Suppose 3*l - 1164 = 3*i, 2*l + i + 3*i - 806 = 0. List the prime factors of l.
3, 131
Let j be (-1 - 0 - -1)/2. Let y = 6 + j. Suppose -y*h = h - 70. List the prime factors of h.
2, 5
Let a(v) = -v**3 + 6*v**2 + 3*v + 14. Let u be a(7). What are the prime factors of u/(-2 + -4 + 336/57)?
7, 19
Suppose 23530 + 26390 = 48*r. List the prime factors of r.
2, 5, 13
Let j be 33/(0 - 3/9). Let r = j - -202. List the prime factors of r.
103
Suppose -4*c + 4*u - 17904 = 0, -5*c - 4*u - 33374 + 10994 = 0. What are the prime factors of 2/4 + c/(-24)?
11, 17
Suppose -6*o + o = -2*a + 36, a - 5*o - 13 = 0. Suppose -c + 16 = -a. What are the prime factors of c?
3, 13
Let r(v) = -6*v**2 - 15*v**2 + 6*v - 16 + 15*v + v**3. Let u be r(20). List the prime factors of (u + 3 + -2)*1.
5
Suppose 2*u - 6 = 0, 0*h - 5*u - 54 = -3*h. Suppose h = 5*s + 3. What are the prime factors of -3 + 9 - s/(-2)?
2
Let t be 0*(2 - (-2 - -3)). Suppose 22 = -t*q + 2*q. Let f = 17 - q. List the prime factors of f.
2, 3
Let q(w) = 8*w**2 - 6*w + 1838. What are the prime factors of q(0)?
2, 919
Suppose 3*y = -y + 16, 4*y - 24 = t. Let u be 0 - 0 - (5 + t). Suppose 3*o - 111 = l - 43, u*l + 6 = 0. What are the prime factors of o?
2, 11
Let q = -10 - -15. Suppose 674*f + 19 = 675*f. Suppose -q*c + 46 + f = 0. What are the prime factors of c?
13
List the prime factors of ((-7075)/10 - (-3)/(-2))/(-1).
709
Let t(x) = 2*x**2 + 1. Let w be t(1). Suppose 0 = -5*b + 3*f - 25, w*f + 0*f = 15. List the prime factors of -5 + 2 - (-59 - b).
2, 3
Let v = 30 - 30. Let z(a) = a**3 - 2*a + 122. List the prime factors of z(v).
2, 61
Suppose 21 = l + 4*l + 3*i, 5*i - 7 = l. Let z = 111 + -383. List the prime factors of l/(-15) - z/10.
3
Suppose -40*j = -33*j - 38605. What are the prime factors of j?
5, 1103
Let x be 7*-1*(-18)/42. Suppose -7*p + 92 = -x*p. What are the prime factors of p?
23
Suppose -4*q + 16 = -0*q. Let o be 8/3 - q/(-12). Suppose -8*d = -o*d - 110. List the prime factors of d.
2, 11
Suppose -19*z + 24*z - 785 = 0. Suppose 3*f - z - 383 = 0. What are the prime factors of f?
2, 3, 5
Let w(q) = -q**2 - 7*q - 4. Let b be w(-6). Let v = -2 + b. Suppose 72 = -v*k + 3*k. List the prime factors of k.
2, 3
Let j = 61 + -76. What are the prime factors of -4*((-4)/(-8)*j + 3)?
2, 3
Let k(m) = -m + 11. Let v be k(9). What are the prime factors of 185/10 - v/4?
2, 3
Let n = -677 + 992. Suppose -308 = -3*f + 5*g - g, -3*f - 3*g = -n. What are the prime factors of f?
2, 13
Suppose 8 = 17*s - 43. Suppose w - 236 = -h + 2*h, -4*w - s*h = -965. What are the prime factors of w?
239
Let w = 880 + -227. List the prime factors of w.
653
Let w(z) = 6*z**2 - 16*z + 4. Let v be w(8). Suppose 16*y + v = 21*y. Let o = -39 + y. List the prime factors of o.
13
Let q(v) = 6*v**2 - v - 2. Let c be q(-1). Suppose 0 = b + 4*w - 185, 3*w - c = 10. What are the prime factors of b?
3, 5, 11
Let u be 140/98 + 3/(-7). Let o(y) = -y + 1. Let a(n) = 6*n**2 + 1. Let r(g) = a(g) - 2*o(g). What are the prime factors of r(u)?
7
Let j(w) be the third derivative of w**4/6 - 13*w**3/6 - 13*w**2. List the prime factors of j(8).
19
List the prime factors of 24/36 + (-14130)/(-27).
2, 131
Let n(u) = -u**3 - 8*u**2 - u + 11. Let v(g) = -2*g**3 - 16*g**2 - 2*g + 22. Let y(k) = 5*n(k) - 2*v(k). What are the prime factors of y(-8)?
19
Let c(t) = 2*t**2 - 13*t - 5. Let k be c(7). Let d = 138 + k. List the prime factors of d.
2, 5, 7
Let r(i) = -i**3 + 20*i**2 - 17 + 0*i**2 - 7*i**2 - 7*i. What are the prime factors of r(12)?
43
Suppose 3*a = 645 + 945. What are the prime factors of a?
2, 5, 53
Let o(s) = 4*s - 8. Let a be o(4). Suppose -24 = 2*t - a*t. Suppose 5*c + m = 65, -2*m - 6 = t. What are the prime factors of c?
2, 7
Suppose -2*o - 3*g = 0, 2*o + 0*o - 4*g - 28 = 0. Suppose o = -10*c + 12*c. Suppose -j + 0*j = -c*n + 131, -4*j - 223 = -5*n. List the prime factors of n.
43
Let n = 39 + -34. Suppose -n*k + r + 3 = 0, 4*k - 4*r = 11 + 1. What are the prime factors of 30 + k + (-7 - -3)?
2, 13
Suppose -3*p = -2*p + 4*a - 23, 0 = -4*a + 20. Suppose 3*x - 4*r = 594, 9*x - p*r - 979 = 4*x. What are the prime factors of x?
2, 97
What are the prime factors of 8/36 - 10072/(-36)?
2, 5, 7
Suppose 81 = 2*b + b. Let r = b - -32. Let t = r + -30. What are the prime factors of t?
29
Let g(j) = j**3 + 2*j**2 - 3*j - 3. Let s be g(-2). Let v be s/(-6) - (-33)/(-6). List the prime factors of 81/((45/v)/(-5)).
2, 3
Suppose -2*v = -c - 6, -c + 3*v - 2 = 8. Suppose -c*s + 37 = -7. List the prime factors of s.
2, 11
List the prime factors of (-2600)/(-20) - 1/(2/(-2)).
131
Let f = 69 + -119. Let n = f + 278. List the prime factors of n.
2, 3, 19
Suppose -148 = -5*n + 3*y, 0 = -3*n - 2*y + 155 - 51. Let d be (-8)/n + (-2)/(-8). Suppose d = -3*q + 28 + 62. List the prime factors of q.
2, 3, 5
Suppose 5*v - 20*y - 4520 = -15*y, 3615 = 4*v - 5*y. List the prime factors of v.
5, 181
Suppose -3*g - g + 1364 = 2*j, 5*j - 4*g = 3382. List the prime factors of j.
2, 3, 113
Let p(d) = 545*d**2 - 3*d + 9. What are the prime factors of p(2)?
37, 59
Let q(t) = 0*t**2 - t**3 + 3*t - 2*t**2 + 10*t**2 - 7. What are the prime factors of q(8)?
17
Let g be (-120)/50*(-1 - -6). List the prime factors of g/(-20) - 104/(-10).
11
Let w = 2449 - 1348. What are the prime factors of w?
3, 367
Suppose -2*t = u - 1459, 5*t + 14 = 24. What are the prime factors of u?
3, 5, 97
Let r(p) = -p + 5. Let t be r(5). Suppose a = -t*a + f - 139, -f - 405 = 3*a. List the prime factors of (-2)/11 - a/22.
2, 3
Suppose 12*p - 30 = 10*p. Let v = 49 + p. What are the prime factors of v?
2
Let h(j) = -2*j - 10. Let d be h(-7). Suppose d*v = -12 - 4. Let q = 6 + v. What are the prime factors of q?
2
Suppose -5*v - 418 + 90 = x, 0 = -x - 3*v - 328. Let t = 495 + x. What are the prime factors of t?
167
Let m = 539 - 466. What are the prime factors of m?
73
Let f(o) = 2*o**2 + 48*o - 19. What are the prime factors of f(15)?
1151
Let y = 7 + -3. Suppose y*r = 7*r - 18. Let q = r - 3. List the prime factors of q.
3
Let u(w) = -32*w + 468. Let j be u(15). Let x be (-6)/(-4)*2*-1. What are the prime factors of (0 + x)*16/j?
2
Let d(i) = 9*i**2 - 6*i + 13. What are the prime factors of d(-10)?
7, 139
Let d = 235 - 153. Suppose -3*t = -12, -y - 4*t - t = -d. What are the prime factors of y?
2, 31
Let r = -1357 + 2291. What are the prime factors of r?
2, 467
Let a be (-15)/(-9)*(-54)/(-15). Let z(v) = v**3 - 7*v**2 + 4*v - 